 z.
2
Let d be 0 - 72 - 4*(-6)/(-24). Let y = d - -75. Suppose 3*c - 52 = -4*w, 0*w - c - 16 = -y*w. What is the greatest common factor of 110 and w?
10
Suppose 4*p - 34 = -450. Let g = -74 - p. Let b(j) = -j**3 + j**2 + j - 4. Let v be b(-2). Calculate the highest common factor of g and v.
6
Let a = 390 + -356. Let w = -6 + 8. Suppose p - w*p = -85. Calculate the greatest common factor of p and a.
17
Suppose 3060 = -8*x - 9*x. Let c = -18 - x. Calculate the greatest common factor of c and 36.
18
Let f(b) = 22*b + 8. Let s be f(-2). Let c be (s/54)/(2/(-6)). Calculate the highest common divisor of c and 22.
2
Let p = 416 - 198. Let d = p + -143. Calculate the greatest common divisor of d and 100.
25
Let t = 7425 - 6210. What is the greatest common factor of 1035 and t?
45
Let g = 14592 + -5984. Calculate the highest common divisor of g and 32.
32
Let l(v) = 10*v**2 - 60*v + 50. Let r be l(7). Calculate the highest common factor of r and 2760.
120
Suppose 6*m - 2139 = -573. Let w = m - 27. What is the greatest common factor of 18 and w?
18
Suppose -m = -4*c - 291, -5*c + c - 296 = 4*m. Let b = -24 - c. Let y be (70/(-4))/((-1930)/48636). Calculate the highest common divisor of y and b.
49
Suppose -3*n - 3*i = -76338, -8*i + 13*i = -45. What is the greatest common factor of n and 15?
15
Let m(n) = -29*n - 152. Let x be m(-12). Calculate the greatest common divisor of 252 and x.
28
Suppose 5*g - 4*p - 593 = 247, -3*g + 487 = p. Suppose 38*o - g = -3*o. Calculate the highest common divisor of 188 and o.
4
Let c be (-2)/(-5) + 16/10. Suppose 0*r + 4*n - 4 = 2*r, n - 1 = 3*r. Suppose -3*h + 18 = -r*h. Calculate the greatest common factor of h and c.
2
Suppose 5*f + 2*q - 25532 = 0, -11*f + 10217 = -9*f + 5*q. Suppose 27*n + f = 13881. What is the greatest common divisor of n and 50?
25
Let t be (36/10)/(-6)*(0/5 - 85). Calculate the greatest common factor of 177 and t.
3
Suppose -2*v - 86 = -5*w, v + 11 = 13. What is the greatest common divisor of w and 279?
9
Let k(c) = 4*c**2 - 2*c + 15. Let h be k(4). Suppose 2*i + h - 81 = 0. Suppose 9 + 6 = 3*g, -5 = -3*n + i*g. Calculate the greatest common divisor of n and 10.
10
Suppose 5*y + 4*y + 28*y - 28416 = 0. Calculate the greatest common factor of y and 96.
96
Let f = -5586 - -5629. Calculate the greatest common divisor of 10019 and f.
43
Let v(f) = -41*f + 7967. Let j be v(112). What is the highest common factor of 135 and j?
135
Suppose -8 + 303 = l. Let q = l - 183. Let b(c) = -c**3 - 6*c**2 - 3*c - 4. Let o be b(-6). What is the greatest common factor of o and q?
14
Let c = 6777 + -4649. Suppose -3*j = -11*j + c. What is the greatest common divisor of 38 and j?
38
Suppose 5*j - 3*i = -0*j + 195, 20 = -4*i. Let a be j/(-48) - 67/(-4). Calculate the highest common divisor of 40 and a.
8
Let l = -39 - -37. Let o be (-2010)/(-165) + l/11 + 0. What is the highest common divisor of o and 36?
12
Let f(h) = -2*h**2 + 11*h - 2. Let o be f(5). Suppose 0 = -o*r + 3, 7*r = -i + 3*r + 148. What is the highest common factor of i and 216?
72
Suppose -y - 179 + 188 = 0. Let q(d) = 8*d + 3. Let p be q(-6). Let m = 117 + p. Calculate the highest common factor of y and m.
9
Let q = 139 - 54. Suppose 0 = -q*v + 83*v + 32. Calculate the highest common divisor of 16 and v.
16
Let v be -10 + (-20 - -261) - 10. What is the highest common factor of 1339 and v?
13
Let t = 262 + -94. Suppose 5*v - 7 - t = -5*c, -3*v + 3 = 0. Calculate the greatest common factor of c and 85.
17
Let r = 3 - 2. Suppose 2*s + 11956*f = 11957*f + 26, 53 = -s - 5*f. Calculate the highest common factor of r and s.
1
Suppose 0 = 77*n - 80*n + 36. Suppose 95*v = 87*v + 336. What is the highest common factor of v and n?
6
Let y(h) = 4*h**2 + 7*h + 24. Suppose 4*q - 22 = 2*k, 4*k - k = 5*q - 34. Let o be y(k). What is the highest common divisor of o and 21?
21
Suppose 2807 = 3*l - 5*k, 3*l - 3*k + 15119 = 19*l. What is the highest common divisor of 59 and l?
59
Suppose -21*r + 8064 = 21*r. Let m be (5 + (-78)/12)*188/(-6). Suppose 2*l - m = 1. What is the highest common factor of r and l?
24
Suppose -d - 46 + 150 = 0. Let q = d + -100. Suppose h - 16 = -s, -q*h + s + 3*s = -48. Calculate the greatest common factor of 7 and h.
7
Let c be 2/4 - (-1 - 9/18). Suppose c*k = -0*x - 2*x + 108, 3 = -3*x. Calculate the greatest common factor of 44 and k.
11
Suppose k = -4*t - 495 - 460, 3*t + 711 = k. Let v = t - -358. Let w = v - 66. Calculate the highest common divisor of w and 9.
9
Suppose -3*d = -5*w + 209 + 268, 2*w - 5*d - 206 = 0. Let f = -91 + w. What is the greatest common divisor of 13 and f?
1
Suppose 0 = 10*r - 0*r + 540. Let n be 2/3 + (-828)/r. Let b be (-2)/(-8) - (-188)/n. What is the greatest common divisor of 84 and b?
12
Suppose 11*n = 8*n. Suppose -4*g + 1706 + 358 = n. Calculate the greatest common divisor of g and 24.
12
Let b = -5239 + 5559. What is the greatest common factor of b and 55?
5
Let y be (-2223)/(-45) + 2/(-5). Suppose 2*b + 7*s = 2*s + y, -5*s + 17 = b. What is the highest common divisor of 24 and b?
8
Let t be (6 + -2)/(681/(-342) + 2). Suppose 12*o = 15*o - t. Calculate the highest common divisor of o and 19.
19
Suppose 25*w - 729 = 3*w + 2835. Let d be (-76)/(-10) - (-4)/10. Let p = w - d. What is the greatest common divisor of p and 22?
22
Let t be 116/(-232) + (-15)/2 + 438. Calculate the highest common factor of t and 1892.
86
Suppose 714 = 3*i + 2*c, 5*c + 2764 = 4*i + 1789. Let l = 609 + 31. Calculate the greatest common divisor of i and l.
80
Let a(v) = 10 + 2*v**2 + 13*v - 92 + 33*v. Let o be a(-26). Calculate the highest common divisor of 814 and o.
74
Suppose 0 = 169*p - 162*p - 42. Suppose -108 = -o - 0*o + 4*n, -3*n - p = 0. What is the greatest common factor of o and 125?
25
Let g be (-2)/(1/(-20) - (-2)/(-10)). Let s be 80/g*(-112)/(-10). Calculate the highest common divisor of s and 14.
14
Suppose 13 = v - 41*n + 39*n, v - 15 = 4*n. What is the greatest common factor of 12199 and v?
11
Let b = 2281 - 1700. Suppose 2*p + 40 = 54. Calculate the highest common divisor of p and b.
7
Let a be 10/(5/((-22575)/(-42))). What is the greatest common divisor of 645 and a?
215
Let v = -5088 + 5964. Calculate the highest common divisor of 12 and v.
12
Suppose 0 = -7*a + 5*a + 10. Suppose 4*b = 101 - 89. Suppose b*m + g = 11, -7*m + g = -2*m - 29. Calculate the greatest common divisor of m and a.
5
Let a(k) = 0*k - 2*k - 8*k**3 - 3 - k**2 + 1 + 2*k**2. Let p = -967 + 965. Let n be a(p). What is the highest common factor of 10 and n?
10
Let w = 333755 + -333640. Let r(c) = c. Let m(p) = 13*p - 2. Let t(f) = -m(f) + 6*r(f). Let b be t(-3). What is the greatest common divisor of w and b?
23
Let i = 8351 - 8350. Calculate the highest common factor of 1665 and i.
1
Let s(i) = i**2 - 10*i + 21. Let j be s(5). Let r be (28 - 51)/(1/j). Calculate the highest common factor of 460 and r.
92
Let z be -1 + 4 - -35 - -1. Let p be (26/z)/((-10)/(-9165)). What is the greatest common divisor of 47 and p?
47
Let c(r) = 33*r**2 + 3*r. Let u be c(-1). What is the highest common factor of u and 300?
30
Let a = -124 + 69. Let r = -33 - a. Let u be (2 - -1)*968/12. What is the greatest common factor of u and r?
22
Let g = -212 - 215. Let r = g + 432. Calculate the greatest common factor of 45 and r.
5
Suppose 9*d - 12*d + 911 = 2*n, -3*d + 5*n + 925 = 0. What is the highest common divisor of d and 2074?
61
Let g(c) = -c**3 - 41*c**2 - 76*c + 98. Let s be g(-39). Let i be 26/(-5)*-30*10/s. What is the highest common divisor of 858 and i?
78
Let c(t) be the second derivative of t**5/20 - 31*t**4/12 + t**3/2 - 33*t**2/2 - 92*t. Let y be c(31). What is the highest common divisor of 45 and y?
15
Let r be 74/(-10) - 224/(-32) - 222/(-5). Calculate the greatest common divisor of r and 2189.
11
Let n(o) = -14*o - 210. Let j be n(-15). Suppose j = -9*a + 13*a + 20, -5*a = 4*r - 23. What is the highest common divisor of 114 and r?
6
Let l be 53/2 - (1045/(-38) + 26). What is the greatest common factor of 8 and l?
4
Let h be (1 - 1)/2 - -3. Suppose 5*b - a - 6 - 61 = 0, 61 = 5*b - h*a. Let i be 280 - (1/(-3))/(b/(-42)). What is the greatest common divisor of 31 and i?
31
Let a = 105 - 104. Let w be (-4 - (-19 - 3)) + 1. Calculate the greatest commo